{"id":58,"date":"2015-10-12T11:32:24","date_gmt":"2015-10-12T11:32:24","guid":{"rendered":"http:\/\/tiendye.aaronvahi.com\/?page_id=58"},"modified":"2015-10-29T09:18:53","modified_gmt":"2015-10-29T09:18:53","slug":"uber-tie-dyes","status":"publish","type":"page","link":"https:\/\/tie-n-dye.de\/?page_id=58","title":{"rendered":"\u00dcber Tie-Dyes"},"content":{"rendered":"<p style=\"text-align: left;\">Sieht aus wie Batik. Ist auch Batik, aber eben anders als das, was man landl\u00e4ufig als Batik bezeichnet. Tie-Dyes sind Textilien, die nicht in der bekannten Abbinde- und Tauchtechnik gef\u00e4rbt werden. Bei Tie-Dyes werden die Teile erst gefaltet und dann wird darauf die Farbe platziert. So ist das m\u00f6glich, viele Farben gleichzeitig zu verwenden. Und je nach der Art des Faltens entstehen manch aufregende Muster.<\/p>\n<p style=\"text-align: left;\">Diese Technik stammt aus dem alten China (die Technik der Tauchbatik stammt aus Indien), und wurde Ende der 60-ger, Anfang der 70-ger Jahre von den Hippies zur neuen Kunstform gemacht.<\/p>\n","protected":false},"excerpt":{"rendered":"<p>Sieht aus wie Batik. Ist auch Batik, aber eben anders als das, was man landl\u00e4ufig als Batik bezeichnet. Tie-Dyes sind Textilien, die nicht in der bekannten Abbinde- und Tauchtechnik gef\u00e4rbt werden. Bei Tie-Dyes werden die Teile erst gefaltet und dann wird darauf die Farbe platziert. So ist das m\u00f6glich, viele Farben gleichzeitig zu verwenden. Und [&hellip;]<\/p>\n","protected":false},"author":2,"featured_media":0,"parent":0,"menu_order":0,"comment_status":"closed","ping_status":"closed","template":"","meta":{"footnotes":""},"class_list":["post-58","page","type-page","status-publish","hentry"],"_links":{"self":[{"href":"https:\/\/tie-n-dye.de\/index.php?rest_route=\/wp\/v2\/pages\/58","targetHints":{"allow":["GET"]}}],"collection":[{"href":"https:\/\/tie-n-dye.de\/index.php?rest_route=\/wp\/v2\/pages"}],"about":[{"href":"https:\/\/tie-n-dye.de\/index.php?rest_route=\/wp\/v2\/types\/page"}],"author":[{"embeddable":true,"href":"https:\/\/tie-n-dye.de\/index.php?rest_route=\/wp\/v2\/users\/2"}],"replies":[{"embeddable":true,"href":"https:\/\/tie-n-dye.de\/index.php?rest_route=%2Fwp%2Fv2%2Fcomments&post=58"}],"version-history":[{"count":1,"href":"https:\/\/tie-n-dye.de\/index.php?rest_route=\/wp\/v2\/pages\/58\/revisions"}],"predecessor-version":[{"id":153,"href":"https:\/\/tie-n-dye.de\/index.php?rest_route=\/wp\/v2\/pages\/58\/revisions\/153"}],"wp:attachment":[{"href":"https:\/\/tie-n-dye.de\/index.php?rest_route=%2Fwp%2Fv2%2Fmedia&parent=58"}],"curies":[{"name":"wp","href":"https:\/\/api.w.org\/{rel}","templated":true}]}}